t l = 13 + -25. Let n = l + 17. Let m(d) = d**3 - 2*d**2 - 2*d. Is m(n) a composite number?
True
Is ((-569)/(-2))/(-7*1/(-98)) composite?
True
Let u be (59/(-2))/((-4)/200). Suppose -4*m + 9*m + u = 4*f, 2*m + 618 = -4*f. Let z = m - -1056. Is z a composite number?
False
Let g(b) = -2 + 3*b + 0 - b + 17*b**2. Let n = -139 - -142. Is g(n) prime?
True
Suppose -41 = 4*o + 5*g, 5*o + 30 + 15 = -5*g. Is 12/24 - 4658/o composite?
True
Let n be (-1 - -2) + 88/(-8). Is n*(1 + -5*20/8) prime?
False
Suppose 5*x = y - 160, 3*x + 423 = 3*y + 7*x. Suppose -y = -2*k + 307. Is k a prime number?
False
Is ((-1098)/(-36))/(3/138) a composite number?
True
Suppose 0 = -o + 1373 - 30. Is o prime?
False
Let a = 6847 + -2096. Is a a prime number?
True
Let k = 11 + -7. Suppose k*j + 3*f = 797, 4*j = 5*f - 3*f + 822. Is j prime?
False
Let m(p) = p**3 - 8*p**2 + 8*p - 3. Let o be m(7). Suppose -4*l - 27 = -4*j + 45, -2*l + 54 = o*j. Is ((-20)/j)/(4/(-18)) a prime number?
False
Suppose 45*g = -3*n + 48*g + 258336, -n + 86117 = -2*g. Is n prime?
False
Let z be (-2 - -5) + -3 + -1. Is -3 + 2 + (z - -69) prime?
True
Suppose 8*x - 11*x = -9. Suppose 0 = x*y - 8028 + 3075. Is y prime?
False
Let d = 402 + -670. Suppose -20 = -5*m + 10. Is (d/m)/((-14)/21) prime?
True
Let o(l) = -l**2 + 17*l - 1. Let r be o(17). Is 2 - (r - 162)*5 a prime number?
False
Let h = 2303 + -1613. Let y = -295 + h. Is y composite?
True
Suppose 23*l - 64144 = 7*l. Is l a prime number?
False
Let h = -264 - -1406. Let a = h - 475. Is a composite?
True
Suppose -2*v + 2939 = -5*y, -820 - 650 = -v + 2*y. Is -1 + -3 + v + 3 composite?
False
Let i = 0 - -5. Suppose i*d = -4*m - 414, -d + 4*m - 2*m = 94. Is ((-3)/3)/(2/d) a prime number?
True
Let k = -1525 - -14364. Is k composite?
True
Let u = 2944 - -1512. Suppose -h + 4*k - 2238 = -3*h, -4*h + 2*k + u = 0. Is h a prime number?
False
Let v(w) be the first derivative of w**3/3 + 4*w**2 + 11*w + 1. Let z(d) = -d**2 - 6*d + 4. Let i be z(-8). Is v(i) a composite number?
False
Suppose -5*b + 75 = -3*a, -5*b + 6*b + a - 7 = 0. Suppose 0 = -b*k + k + 1529. Is k prime?
True
Let l(m) = 385*m**2 - 6*m - 4. Is l(3) a prime number?
False
Let a(c) = c**3 + 14*c**2 + 17*c + 1. Let g = 8 + -13. Is a(g) prime?
False
Suppose 10 = i + i. Suppose -4*k + k - 12 = 0, 0 = i*y - 2*k - 5583. Is y prime?
False
Let h = 10397 - 4888. Is h a composite number?
True
Suppose h = 3*z - 391, 140 + 519 = 5*z + 2*h. Suppose 5*i + 5*g = -75, -3*i - 2*g - 60 = -4*g. Let b = z + i. Is b prime?
True
Let i(y) = y**2 - y - 1. Let n(j) = 5*j**2 - 4*j + 87. Let z(p) = -4*i(p) + n(p). Is z(0) composite?
True
Let i(c) be the third derivative of c**6/120 + c**5/15 - c**4/4 + 7*c**2. Let q be i(-8). Is q/(-3) + (-8)/24 composite?
True
Suppose -6*r - 3 + 63 = 0. Suppose -r*n + 3086 = -8*n. Is n prime?
True
Let j = 4 - -1. Suppose j*z + 3*a = -16, 8*a = 4*z + 5*a + 2. Let w(l) = 30*l**2 + 4*l + 3. Is w(z) composite?
True
Is ((9/(-6))/1)/(99/(-1077978)) a prime number?
True
Let b = -3937 + 15210. Is b prime?
True
Suppose -38 + 11 = -5*q + 2*s, 4*q + s = 32. Suppose 4*u = q*u - 10809. Is u composite?
True
Let a(o) = o**2 + 7*o - 15 - 6 - 10. Is a(14) composite?
False
Let x = 11 + -15. Let y be 390/x*12/(-9). Let w = y + -77. Is w composite?
False
Let k(a) = 2903*a + 226. Is k(5) a composite number?
False
Let u = 21 + -18. Suppose 561 = -0*p + u*p. Is p composite?
True
Let u be 1420*(2/10 - 1). Suppose -n = -12*n - 264. Is (6/4)/(n/u) a composite number?
False
Let m(j) = -113*j - 345. Is m(-46) a prime number?
False
Suppose -3*u - s = -3848, 5*u + 897 - 7305 = -3*s. Let q = 33 + u. Is q a composite number?
True
Let g = 2 - -3. Suppose g*w = -0*w - 3*k + 37, 2*k - 13 = -w. Suppose -2*m = -4*j + 2548, -5*j + w*m + 3772 - 577 = 0. Is j composite?
True
Let m(t) be the third derivative of 3*t**5/20 - t**4/4 - t**3/3 + 7*t**2. Is m(-5) prime?
False
Suppose -48*w + 75491 = -35*w. Is w a composite number?
False
Suppose 4*x - 7*x - 5*g = -102669, 3*x = 2*g + 102669. Is x composite?
True
Let c(i) = i**2 - 3*i + 4591. Is c(0) prime?
True
Suppose -4*d + 743 + 7973 = 2*v, -4*d = -3*v + 13074. Is v prime?
False
Let k = 698 + -1221. Let c = k + 830. Is c composite?
False
Let g(k) = 4*k + 41. Let m be g(-9). Suppose 602 = m*a - 783. Is a a prime number?
True
Let x(r) = 7*r**2 - 5*r + 76. Let d(h) = 4*h**2 - 3*h + 38. Let m(n) = -5*d(n) + 3*x(n). Let c be m(0). Suppose 0 = u + u - c. Is u a prime number?
True
Let i(z) = 12 - 3*z + 0*z + z - 21*z**2. Let h be i(-6). Let u = 1583 + h. Is u a composite number?
True
Suppose 0*y - 70 = 5*y. Let o be y*(0 - -1)/(-1). Suppose o*r - 3899 = 7*r. Is r a prime number?
True
Let x(r) = -r**2 - 5*r - 1. Let l be x(-4). Suppose y = -5, -l*q + 0*y = -2*y - 289. Suppose -q + 383 = 5*o. Is o composite?
True
Let r(w) = 70*w + 5. Let k be r(-2). Let c = 356 + k. Is c a prime number?
False
Suppose -4*j + 8117 + 13403 = 0. Suppose -18*a = -22*a + j. Is a a composite number?
True
Let j = -9297 - -4706. Let h = j - -9452. Is h composite?
False
Let l be 20/(-3)*(-1 - 62). Let f = l - 10. Suppose -f = -s - s. Is s prime?
False
Suppose 0 = 4*m - y - 7713 - 13882, 2*m + 4*y = 10802. Is m a prime number?
True
Let t(m) = 2*m**3 - 17*m**2 + 3*m - 7. Let y(a) = a**3 - 8*a**2 + 2*a - 3. Let g(k) = 2*t(k) - 5*y(k). Is g(-6) prime?
True
Suppose 6*t - 58 + 22 = 0. Is 132*4/t - -1 composite?
False
Let i(d) be the first derivative of d**3 + 5*d**2/2 - 12*d - 5. Suppose -7 = -m + 3*l, -l = -m + 1 - 2. Is i(m) a composite number?
True
Let i(d) = d - 2. Let j be i(1). Let p be (-78)/(-1) - (j - -4). Let b = 162 - p. Is b a composite number?
True
Let f(h) = -h**3 + 6*h**2 + 3*h - 5. Suppose -24 = -2*x + 3*s, x - s + 1 - 11 = 0. Let l be f(x). Let n = l - -64. Is n composite?
True
Suppose 5*q = -x + 22456, 5*q + 5*x = 9*q - 17959. Let u = 8760 - q. Is u composite?
True
Suppose -j + 969 = 2*t + 3*t, 0 = -j + t + 957. Suppose 3*h + h = -2004. Let a = h + j. Is a a composite number?
True
Let l = 578 + -373. Suppose 0*i + l = i - 2*v, 0 = -4*i + 4*v + 812. Suppose -i = -0*k - 3*k. Is k composite?
False
Let n = -15 + 30. Suppose 0 = -6*z + z + n. Suppose -3 = -4*f + f - 5*t, 4*t = z*f - 30. Is f a prime number?
False
Suppose -7*b - 64753 = -417959. Is b prime?
False
Suppose 33*j = -7*j + 48520. Is j a prime number?
True
Suppose -142*n + 143*n - 191 = 0. Is n composite?
False
Let q = -6 + 10. Let r be (6/q)/((-12)/(-32)). Is 0/r + 3 + 74 a composite number?
True
Let r be (16/(-48))/(2 - (-10)/(-6)). Is 0 + 646 - r/1 prime?
True
Is (-7)/(-3) + 3359966/93 a prime number?
True
Let r = 950 - -137. Is r composite?
False
Let n = -27 - -32. Suppose -2*u = -2, 6*f - 10235 = f - n*u. Suppose -4*t + f = -622. Is t a prime number?
False
Let u(t) = 179*t - 33. Suppose -7 = -3*m + 3*d + 20, -5*m + 36 = 4*d. Is u(m) a composite number?
False
Let i(c) = 1842*c + 20. Let f be i(4). Is (f/16)/((-1)/(-4)) a composite number?
False
Suppose 10 = -0*j + 5*j. Suppose a - j*a = -22. Is a a composite number?
True
Is 32415/10*((-1)/3 + 1) a prime number?
True
Let z = 4463 + 14174. Is z composite?
False
Suppose 28179 = -12*j + 132783. Is j a composite number?
True
Let o(n) = -4*n**3 + n**2 + 13*n + 21. Let f(q) = 5*q + q - q**3 + q**2 - q**3 + 0*q**3 + 11. Let m(g) = -11*f(g) + 6*o(g). Is m(-8) a composite number?
False
Let q(d) = -8 - 4 - 6 + 13 - 72*d. Is q(-3) prime?
True
Suppose -47882 = -29*n - 8413. Is n composite?
False
Let u = 4072 + 4855. Is u a prime number?
False
Is (240/(-10))/(-3) + 4050 a prime number?
False
Let v(p) = -121*p - 313. Is v(-50) composite?
False
Suppose 3*b + x + 2 = 9, -4*x + 13 = -3*b. Let s be (-1)/(3/2) - 2/6. Is (s - 0 - b) + 113 a composite number?
True
Let p = -201 + 3174. Suppose -p = -6*d + 4689. Is d prime?
True
Suppose 2*k + 4*r - 4 = 8, -2*k + 2*r = 12. Let a(n) = 2*n**3 + 2*n**2 + 2*n + 3. Let s be a(k). Is 2127/27 - 2/s prime?
True
Let y(h) = -9*h**3 - h**2 + 5. Let j be y(-4). Is (7 - 4)/3*j prime?
False
Let h be 11/(-22) - 1/(-2). Suppose s + 589 = 4*r - h*s, s - 440 = -3*r. Let o = r + -20. Is o a composite number?
False
Let i(c) = 2*c**3 - 41*c**2 - 21*c + 52. Is i(22) a composite number?
True
Is 3/(-4) + (-7893950)/(-200) a prime number?
False
Let s(m) = 1110*m + 4. Let d be s(3). Suppose 0*w - w